{"id":5,"date":"2016-05-20T21:20:42","date_gmt":"2016-05-20T20:20:42","guid":{"rendered":"http:\/\/192.168.169.76\/?page_id=5"},"modified":"2018-04-21T21:09:30","modified_gmt":"2018-04-21T20:09:30","slug":"o-nas","status":"publish","type":"page","link":"https:\/\/www.rubikon.si\/","title":{"rendered":"RUBIKON"},"content":{"rendered":"<p class=\"text\">Podjetje je \u017ee ve\u010d kot dve desetletji prisotno na trgu informacijskih tehnologij. Osnovne dejavnosti podjetja so:<\/p>\n<ul>\n<li class=\"text\">prodaja in servis ra\u010dunalnikov in dodatne ra\u010dunalni\u0161ke\u00a0 opreme<\/li>\n<li class=\"text\">na\u010drtovanje in izvedba ra\u010dunalni\u0161kih omre\u017eij<\/li>\n<li class=\"text\">na\u010drtovanje in konfiguriranje stre\u017enikov<\/li>\n<li class=\"text\">pogodbeno vzdr\u017eevanje\u00a0 ra\u010dunalni\u0161ke opreme v podjetjih<\/li>\n<\/ul>\n<p class=\"text\">V podjetju\u00a0 so trenutno\u00a0 \u0161tirje redno zaposlenih, pri ve\u010djih projektih pa si pomagamo z zunanjimi sodelavci, predvsem pri izvajanju instalacijskih del in izdelavi projektne dokumentacije.<\/p>\n","protected":false},"excerpt":{"rendered":"<p>Podjetje je \u017ee ve\u010d kot dve desetletji prisotno na trgu informacijskih tehnologij. Osnovne dejavnosti podjetja so: prodaja in servis ra\u010dunalnikov in dodatne [&hellip;]<\/p>\n","protected":false},"author":1,"featured_media":0,"parent":0,"menu_order":0,"comment_status":"closed","ping_status":"closed","template":"","meta":{"footnotes":""},"class_list":["post-5","page","type-page","status-publish","hentry"],"_links":{"self":[{"href":"https:\/\/www.rubikon.si\/index.php\/wp-json\/wp\/v2\/pages\/5","targetHints":{"allow":["GET"]}}],"collection":[{"href":"https:\/\/www.rubikon.si\/index.php\/wp-json\/wp\/v2\/pages"}],"about":[{"href":"https:\/\/www.rubikon.si\/index.php\/wp-json\/wp\/v2\/types\/page"}],"author":[{"embeddable":true,"href":"https:\/\/www.rubikon.si\/index.php\/wp-json\/wp\/v2\/users\/1"}],"replies":[{"embeddable":true,"href":"https:\/\/www.rubikon.si\/index.php\/wp-json\/wp\/v2\/comments?post=5"}],"version-history":[{"count":4,"href":"https:\/\/www.rubikon.si\/index.php\/wp-json\/wp\/v2\/pages\/5\/revisions"}],"predecessor-version":[{"id":237,"href":"https:\/\/www.rubikon.si\/index.php\/wp-json\/wp\/v2\/pages\/5\/revisions\/237"}],"wp:attachment":[{"href":"https:\/\/www.rubikon.si\/index.php\/wp-json\/wp\/v2\/media?parent=5"}],"curies":[{"name":"wp","href":"https:\/\/api.w.org\/{rel}","templated":true}]}}